 common factor of g and 47.
47
Let q be (-8)/((6 + (-104)/16)/2). Let a(s) = s**2 + 4*s - 1. Let t be a(-5). Calculate the highest common factor of t and q.
4
Let w be (2/10*-137)/(1/(-5)). Let u = 308 - w. What is the greatest common factor of u and 19?
19
Suppose 3*a - 6*a = -2592. What is the highest common factor of a and 32?
32
Let u = -5 + 40. Let g = 20 + u. What is the greatest common divisor of g and 5?
5
Let f(v) = v**2 - 5*v. Let r be f(5). Let z be (-8 - -20)*(r + 2). Suppose d = 4*d - z. Calculate the highest common factor of 24 and d.
8
Let o(b) be the first derivative of -b**4/4 + 8*b**3/3 + 4*b**2 + 11*b + 15. Let d be o(9). What is the highest common factor of d and 10?
2
Let i be 18/2 - 3465/(-21). What is the highest common divisor of i and 2?
2
Suppose 4*f - 20 = -k, 3*f + 5*k + 8 - 6 = 0. What is the greatest common divisor of 222 and f?
6
Let d(m) = 95*m**2 + 9*m - 8. Let z be d(1). What is the greatest common factor of z and 24?
24
Let a = -34 + 43. Suppose -10*t + 48 = -a*t. Let y be (8 - -1)/((-6)/(-4)). Calculate the greatest common factor of y and t.
6
Let n = -349 - -351. Suppose -2*d - 3 = -3*d. Suppose -3*j + 15 = 3*a, 3*j + d = 6*j - a. What is the highest common divisor of n and j?
2
Let l(a) = -12 - a + 0 + 8 + 3. Let t be l(-10). Let b(o) = -o**2 + 9*o + 3. Let w be b(t). Calculate the highest common factor of w and 33.
3
Suppose -6*i = -3*i - 198. Suppose 0 = z + 3*w - 2*w - i, 2*w - 197 = -3*z. What is the greatest common factor of 39 and z?
13
Suppose -s + 10 = 5. Let j be s*12/(-20)*13. Let n = 107 + j. What is the highest common divisor of n and 102?
34
Suppose -g = 3*z - 356, 3*z - 3*g - 2*g - 380 = 0. Suppose 2*i - 5*i = -z. Calculate the greatest common factor of i and 8.
8
Let g = -261 - -309. Calculate the greatest common divisor of 12 and g.
12
Suppose -3*m = 4*m - 21. What is the greatest common divisor of m and 7?
1
Suppose 12*z + 168 = 24*z. Calculate the highest common divisor of z and 371.
7
Suppose 557 + 1819 = 24*p. What is the greatest common factor of 1386 and p?
99
Let b be 6/(-9) + (-50)/15. Let g be 30674/238 - b/34. What is the greatest common factor of g and 43?
43
Let b be 2/(-4) - (-148)/8. Suppose 4*t = t - 15. Let n = t + b. Calculate the highest common divisor of n and 91.
13
Let o = -35 + 17. Let f be (-20)/6*o/30. Suppose a - 2*y + 36 = 5*a, 4 = f*y. Calculate the greatest common factor of 24 and a.
8
Let j(b) = 4*b**2 - 2*b. Let q be j(-1). Let f be ((-39)/q - -5)*(-52)/6. Calculate the highest common divisor of f and 143.
13
Let d be ((-2)/(-4)*-3)/((-17)/34). Suppose 2*b + 62 = d*w, w + 0*b - b = 21. What is the greatest common divisor of w and 90?
10
Let y = -23 - -26. Suppose 3*x - 168 = -2*a, 0*x - 12 = y*x. What is the highest common divisor of 18 and a?
18
Let g = -8 - -13. Suppose 105 = 4*t + 5*d - 22, g*t = -d + 143. Let a be 908/13 - 2/(-13). Calculate the highest common factor of a and t.
14
Let r be 7 + (6 - 5) + 667. Calculate the highest common divisor of r and 27.
27
Suppose 3*y = -5*o + 7, -2*y + 3*o - 10 = -o. Let t = 9 - y. What is the highest common factor of t and 30?
10
Let t(w) = 2*w - 5. Let r be t(5). Suppose r*o = 51 + 14. Calculate the greatest common divisor of o and 65.
13
Let g = -444 + 504. What is the highest common factor of 270 and g?
30
Suppose 0 + 12 = 4*l. Suppose -12 = -j - l*j. Let x(w) = -w**3 + 4*w**2 + w + 1. Let t be x(j). What is the highest common factor of 13 and t?
13
Suppose 8*k = 100 + 124. What is the highest common factor of 756 and k?
28
Suppose 0 = -9*s + 3*s + 12. Let b be 4/(-10) - 36/(-15). Calculate the highest common factor of s and b.
2
Let v be (-2)/3 + 20/3. Suppose d = -2*d - 3*i - 6, 0 = -d - 5*i + v. Let s be 1/(-1) - (d + 0). What is the greatest common divisor of 12 and s?
3
Let c = 150 - 14. Suppose 7*p - c = -10. What is the greatest common divisor of p and 24?
6
Suppose 11 + 79 = 15*r. What is the highest common divisor of r and 34?
2
Suppose 0 = 3*a, 4*a = -4*u - 0*a. Suppose 6*z = -u*z + 330. Calculate the greatest common divisor of 110 and z.
55
Let z be (-4)/(-48)*4*-21. Let i(s) = 2*s**2 - 6*s + 22. Let j be i(z). Calculate the highest common factor of 18 and j.
18
Let j be 3/4*280/15. Suppose 0 = -3*s + 4*s - 7. Calculate the highest common divisor of s and j.
7
Let d = -365 - -382. Calculate the greatest common divisor of d and 527.
17
Let g(u) = 7*u**2 + 3*u - 4. Let f = -20 - -28. Let z be g(f). Calculate the greatest common divisor of z and 52.
52
Suppose 4*t + 660 = 4*x, -4*x - x - 835 = 5*t. Let k = -74 - t. Suppose -k = -4*u + 2*p + 4, 0 = u + p - 27. What is the greatest common factor of 10 and u?
5
Suppose -4*o - 2 = 4*a - 10, -2*o + 4 = 5*a. Suppose -3*x + 98 - 20 = a. Calculate the greatest common factor of x and 26.
26
Let b be ((-44)/6)/((-2)/6). Suppose 70*y - 6421 + 2571 = 0. What is the greatest common factor of b and y?
11
Let j = -1085 + 1092. Calculate the highest common divisor of j and 1057.
7
Let w be (-92)/(52/130 - 7/5). What is the highest common divisor of 69 and w?
23
Let o(q) = 2*q**2 + 14*q + 8. Let i be o(-5). Let f be (-11)/(-9) - i/(-54). Let n = -14 - -16. Calculate the greatest common factor of n and f.
1
Suppose -16*v + 956 = -196. What is the highest common divisor of v and 24?
24
Let n be -1 + (-159)/6 - (-1)/(-2). Let l be (-1337)/n - (-2)/8. Calculate the greatest common divisor of 6 and l.
6
Suppose 0 = 4*u + 4*a - 124, -20*u + 185 = -15*u - a. Suppose -w = -15 - 7. Suppose -w - 2 = -2*f. What is the greatest common divisor of u and f?
12
Let x(f) = f**3 - 2*f**2 - 4. Let y be x(3). Suppose 47 + 153 = y*j. Calculate the greatest common divisor of j and 10.
10
Let b(s) = -39*s - 42. Let x be b(11). Let n be (3/(-12))/(3 - x/(-156)). What is the highest common factor of 195 and n?
13
Suppose -6*o + 327 = 27. Calculate the highest common factor of 175 and o.
25
Suppose -5*g - 72 = -8*g. Let z be (7 + -18)*(-2)/(-2). Let h = z + g. Calculate the highest common divisor of 13 and h.
13
Let g = -41 - -43. Suppose 8*a - 140 = -g*a. Calculate the highest common divisor of a and 28.
14
Let y be ((-40)/(-24) - 5)*-33. What is the greatest common divisor of 20 and y?
10
Let k(t) = 2*t**3 - 14*t**2 + 35*t + 10. Let o be k(6). Calculate the highest common divisor of o and 8.
4
Suppose -11*j = -52*j + 5904. What is the greatest common factor of 648 and j?
72
Let r be (-249)/3*-7 - 11. What is the highest common factor of r and 90?
30
Suppose -3*x + 8614 + 1901 = 0. Let f be x/25 - (-2)/(-10). Calculate the highest common divisor of 14 and f.
14
Let g(o) = -36*o - 71. Let r be g(-11). What is the highest common factor of 52 and r?
13
Let w(n) = n. Suppose 6 = 5*v - 3*v. Let h be w(v). Let t be (10 - h - 1) + 0. Calculate the greatest common factor of t and 3.
3
Let q be 4 + (2/(-6))/((-10)/16260). Calculate the highest common factor of q and 26.
26
Suppose 12*n - 11 = 11*n. Let y(h) = -h**3 + 11*h**2 + h - 1. Let b be y(n). Let o be (2/(-6))/(1/(-6)). Calculate the greatest common divisor of o and b.
2
Let o = -2011 - -2156. Calculate the greatest common divisor of o and 319.
29
Suppose -t = 5*n - 272, -6*t + 3*t = 4*n - 772. Suppose -2*c + 5*c = t. What is the highest common divisor of 21 and c?
21
Let s(o) be the first derivative of -o**4/4 + 2*o**3/3 - o**2/2 - o - 10. Let l be s(-1). What is the highest common divisor of 24 and l?
3
Let y = 8 + -5. Suppose v + 2*v = c - y, 0 = -4*c + 3*v + 39. What is the greatest common divisor of 4 and c?
4
Let j be 58/8*(4 - 0). Let v(f) = 9*f**2 + 127*f - 11. Let r be v(-16). Calculate the greatest common factor of r and j.
29
Let z = -73 - -121. Suppose 16 = -5*b - 2*f + 56, 4*f - 14 = b. Calculate the highest common divisor of z and b.
6
Suppose -2*n = -0*n + 5*v - 228, v - 4 = 0. Suppose 9*g - 14*g + 10 = 0. Let i be g/(-5)*(-66 - -1). What is the highest common divisor of i and n?
26
Let g be (1/(-2))/(2/(-20)). Let h(k) = -k**3 + 7*k**2 + 10*k - 10. Let v be h(8). Let o be 2/(-2) - (-52 + v). Calculate the highest common factor of o and g.
5
Suppose -3 = v + 5. Let l = v + 13. Let o be l - -1 - (0 + -3). Calculate the highest common factor of o and 45.
9
Let c = -29 - -49. Calculate the highest common factor of 340 and c.
20
Let f